hat is the remainder when 87 is divided by u(-7)?
21
Suppose -3*t - 30 = -5*t. Suppose 2*l + 16 = 3*d, -d - t = -3*d - 3*l. What is the remainder when 21 is divided by d?
3
Let n be 2 - -1 - (-3)/(-3). Suppose -j - n*j + t = -143, 5*j + 4*t - 210 = 0. What is the remainder when j is divided by 12?
10
Suppose 4*v = 44 + 8. What is the remainder when 23 is divided by v?
10
Let p(h) = -h + 2. Let m = -43 - -79. Suppose 20 + m = 4*a. Calculate the remainder when a is divided by p(-3).
4
Suppose -3*x - 5*o + 77 = -21, 5*o + 6 = x. Calculate the remainder when x is divided by 8.
2
Suppose -5*s = -18*s + 78. What is the remainder when s is divided by 4?
2
Let l(b) = 8*b - 3. Let h be (-1 - 4)*8/(-20). What is the remainder when l(h) is divided by 7?
6
Let o = -26 + 21. Let g = o - -13. Calculate the remainder when 29 is divided by g.
5
Let t = 19 - 6. What is the remainder when 64 is divided by t?
12
Suppose 0 = 3*m - m - 110. Suppose 0 = 2*w + 2*q - 38, 5*w - 16 = 3*q + m. Calculate the remainder when 61 is divided by w.
13
Suppose 4*q = 4*f + 636, 0*q + q + 3*f = 179. Suppose -6*y = -2*y - q. Let z(a) = a**2 + 5*a + 8. What is the remainder when y is divided by z(-6)?
13
Suppose n - 2*m - 27 = -7*m, m = 4*n - 192. What is the remainder when n is divided by 12?
11
Suppose -a - 231 = -4*q, 2*a + 270 = 5*q - 3*a. Calculate the remainder when q is divided by 20.
19
Suppose -2*u = 3*c - 40, 5 + 41 = 3*c - 4*u. Calculate the remainder when 53 is divided by c.
11
Calculate the remainder when (-1)/(-1*2/14) is divided by (256/160)/(2/5).
3
Suppose 3*d = -2*d + 20. Suppose -d - 8 = -4*k. Suppose 2*r - 2*s - 157 = -3*r, k*s = -3*r + 90. Calculate the remainder when r is divided by 11.
9
Let w(j) = -2*j - 9. Let r be w(-7). Suppose -18 = 4*o - r*o. Suppose k - o = -2*k. What is the remainder when 17 is divided by k?
5
Suppose -3*v = 3*c - 6*v - 33, 0 = -4*c - 2*v + 68. Suppose -c = -h - 3*t - t, -3*t = 4*h - 34. Calculate the remainder when 19 is divided by h.
5
Let r(i) = 12*i + 3. Let n be r(6). Suppose 17 = -2*d + n. Calculate the remainder when d is divided by 10.
9
Let b = -71 + 140. Calculate the remainder when b is divided by 18.
15
Let b = 49 - 17. Let x = -20 + 55. Let t = x - 24. Calculate the remainder when b is divided by t.
10
Let g = -7 - -1. Let w = -6 - g. Suppose w*x + 10 = x. Calculate the remainder when 28 is divided by x.
8
Let r(t) = t**2 - 3*t - 5. Let x be r(6). What is the remainder when 38 is divided by (-10)/(-65) - (-167)/x?
12
Suppose 7 = v - 6. Suppose -v - 3 = -4*s. Calculate the remainder when 10 is divided by s.
2
Let t be (18/(-15))/((-9)/(-60)). Let q(m) = -m - 6. Let f be q(t). Calculate the remainder when 19 is divided by (-2 - -1)/(f/(-14)).
5
Suppose 0 = -2*o + 1 + 7. Suppose o*y = -0*y + 64. What is the remainder when y is divided by 6?
4
Suppose -320 = -5*s - 2*p, 3*p + 82 = 3*s - 131. What is the remainder when s is divided by 23?
20
Let b(d) = d**2 - 5*d + 2. Let m = 3 - -2. Calculate the remainder when b(m) is divided by 2.
0
Let o be -4 + 2 + (0 - -187). Suppose -l = -6*l + o. Suppose -8 = -x + 11. What is the remainder when l is divided by x?
18
Let w(a) = -a**3 - 5*a**2 - 3*a - 1. Calculate the remainder when 25 is divided by w(-5).
11
Suppose -30 = -3*f + 3*a, 2*f - 22 = -f + 5*a. Suppose -3*q - 17 = 1. Calculate the remainder when 244/6 + (-2)/q is divided by f.
13
Suppose 6 = 2*p - 8. Suppose 5*q - 35 = 5*g, -2*q + 20 = -5*g - 6. What is the remainder when 65/(-20)*g/1 is divided by p?
6
What is the remainder when 6 is divided by (-2)/(-3 + -5) - 23/(-4)?
0
Let r = -15 - -29. What is the remainder when 40 is divided by r?
12
Let t(d) = d**2 + 9*d - 4. Let r be t(-10). Let f be ((-8)/12)/(4/r). What is the remainder when (2*f)/(1/(-20)) is divided by 21?
19
What is the remainder when -69*(1 - (-10)/(-6)) is divided by 16?
14
Let s(x) = -x**3 - 10*x**2 + 23*x - 7. What is the remainder when 20*1 - 8/4 is divided by s(-12)?
3
Let o(x) = 4*x**2 - 4*x + 5. What is the remainder when o(2) is divided by 4?
1
Let s(c) = 5*c**2 + 2*c. Let y(t) = -14*t**2 - 6*t - 1. Let m(o) = 7*s(o) + 2*y(o). What is the remainder when m(2) is divided by 16?
14
Let s be ((-4)/(-3))/(2/(-6)). Let p(b) = -b**2 - 4*b + 1. What is the remainder when p(s) is divided by 1?
0
Let v = 19 + -1. Calculate the remainder when -1 - -1 - (-52 + 0) is divided by v.
16
Suppose 0 = 4*n + u - 9, n = -4*n + 2*u - 5. Suppose 71*x = 67*x + 4. What is the remainder when n is divided by x?
0
Suppose 0 = -5*f - q + 15, 4*f + 2*q - 14 = 2*f. What is the remainder when 7 is divided by f?
1
Let r(w) = -4 + 14*w**3 + 4*w + 3 - 2*w - 2*w**2. What is the remainder when 50 is divided by r(1)?
11
Suppose 0 = 3*p - 16 - 20. Let k = p + -6. What is the remainder when 1/(2/34*1) is divided by k?
5
Suppose -3*c + 228 = c. What is the remainder when c is divided by 15?
12
Let n(o) = o**3 - 4*o**2 - 3*o + 3. Let v be n(2). Let p = v + 15. Calculate the remainder when 9 is divided by p.
1
Suppose -1 + 151 = 5*r. What is the remainder when 39 is divided by 249/18 + 5/r?
11
Let f(k) = -5*k**2 + 10*k + 11. Let l(h) = 6*h**2 - 11*h - 12. Let z(q) = 5*f(q) + 4*l(q). What is the remainder when 35 is divided by z(5)?
11
Let t be (-6)/(-4)*64/12. Suppose 32 = -t*r + 10*r. Calculate the remainder when r is divided by 9.
7
Suppose 2*i = 8, 60 = -2*m - i + 4*i. Let l = m - -38. Suppose -l = 3*t - 71. Calculate the remainder when 37 is divided by t.
18
Let p = -78 + 132. Suppose -4*s + p = 14. What is the remainder when s is divided by -1 + 0/1 + 7?
4
Let a(q) be the second derivative of q**5/20 - q**4/4 - q**3 + q**2/2 + q. Let c be a(5). Suppose 2 + c = b. What is the remainder when b is divided by 8?
7
Suppose 0 = -5*r + 20, 2*x + 5*r - 104 = -0. Suppose -9*w - 15 = -10*w. Calculate the remainder when x is divided by w.
12
Let b(w) = 6*w**3 + 9*w**2 + 21*w - 26. Let f(x) = -x**3 - 2*x**2 - 4*x + 5. Let d(h) = -2*b(h) - 11*f(h). What is the remainder when 46 is divided by d(3)?
10
Suppose -6*n + n = -3*z, -4*n = -4*z + 8. Suppose t + 52 + 32 = 0. Calculate the remainder when 4/(-6)*t/8 is divided by n.
1
Suppose -4*w - 75 = 121. Let v = w + 73. Calculate the remainder when v is divided by 9.
6
Suppose -3*v + 2*a - 6 = 3*a, -3*v + a - 6 = 0. Let h = 40 - 15. Calculate the remainder when h is divided by (0 - v*3) + 3.
7
What is the remainder when 189/(-36)*40/(-3) is divided by 18?
16
Suppose -4*k + c + 65 = 0, -4*k + c = -6*k + 25. Suppose k = 3*q + 3*o, 2*q - 9 = q - 5*o. Calculate the remainder when (6/15)/((-1)/(-15)) is divided by q.
2
Let z(i) = 3*i - 23. What is the remainder when 57 is divided by z(19)?
23
Let v = -10 - -5. What is the remainder when (-16)/v - (-9)/(-45) is divided by 2?
1
Let j be 60/(-5)*(-2)/4. Suppose -j = 4*n - 5*n. Calculate the remainder when n is divided by 4.
2
Let a(o) = -o + 88. Let m be a(0). Suppose -r - m = -5*r. Let n = r + -11. What is the remainder when n is divided by 4?
3
Suppose 0 = 3*r - 4*l - 32, l - 11 = -3*r - 4. Suppose 0*k + r*k = 8. Let a(b) = -b**3 - 5*b**2 + 4*b - 7. What is the remainder when a(-6) is divided by k?
1
Let r(d) = d + 9. What is the remainder when 6 is divided by r(-5)?
2
Let b be (2 - 1) + 1/(-1). Let v(u) = -u - 6. Let k be v(-9). Suppose b = -k*w + 2 + 1. Calculate the remainder when w is divided by 1.
0
Let a(w) = -w**2 - 19*w + 20. Let f(b) = b**3 + 5*b**2 - b - 1. Calculate the remainder when a(-18) is divided by f(-3).
18
Suppose 385 - 1449 = -8*l. Calculate the remainder when l is divided by 45.
43
Suppose 0 = 2*y - 4*y + 12. Let n = 11 - y. Let x = -2 - -4. What is the remainder when n is divided by x?
1
Let t be (-14)/(-8) - (-2)/8. Suppose 2*q + 4*f + 18 = -0*f, -t*q - 5*f = 23. Calculate the remainder when q is divided by 1.
0
Let l(s) = 16*s**2 - 5*s - 9. What is the remainder when l(-2) is divided by 22?
21
Let h(q) = 2*q**2 + 9*q - 7. Let w be h(-9). Calculate the remainder when 37 is divided by 8/16 + w/4.
18
Suppose -4*y + 134 = -2*p, -5*y - p + 6*p + 155 = 0. What is the remainder when y is divided by 19?
17
Suppose -66 = -c + 5*r, 8*c = 3*c + 5*r + 370. Suppose -5*d = -d - c. Calculate the remainder when d is divided by 104/10 + 4/(-10).
9
Let d = 5 - 1. Suppose j - d = -0*j. Suppose j*l + r - 2